s be i(z). What is the greatest common divisor of s and 6?
6
Let a be 41162/8 - (-433)/(-1732). Calculate the highest common factor of 30 and a.
15
Let t be 3476/(-56) + (-5)/(-70). Let a(y) = 44*y - 2. Let h be a(-2). Let s = t - h. What is the greatest common divisor of s and 4?
4
Let i(q) = 292*q + 41. Let y be i(-2). Let r = y - -578. Calculate the highest common factor of 182 and r.
7
Let b be (1207 - -9) + 4 - -5. What is the greatest common factor of 25 and b?
25
Suppose 0 = -3*w + 115 + 65. Let c be (-3*(-1)/3)/((-3)/(-213)). Suppose -69*u = -c*u + 300. What is the greatest common factor of w and u?
30
Let b = -7 - -27. Suppose t + 107 = 117. Suppose 0 = -3*o + t + 5. What is the highest common divisor of b and o?
5
Suppose -31*n = -71*n + 800. Let s be 302/6 - 1/3. Calculate the highest common divisor of s and n.
10
Let z = -2146 + 37562. What is the greatest common divisor of z and 38?
38
Suppose -6*r = -2*n + 46, -5*n - 4*r + 75 = -21. What is the greatest common factor of 9340 and n?
20
Let r = 681 + -661. Suppose -4*u = r, -6*u + 3*u = 3*m - 99. Calculate the greatest common factor of m and 494.
38
Suppose -180 = -6*u - 0*u - 0*u. What is the highest common factor of 15 and u?
15
Let l = 146 + -83. Suppose 6*u - 229 - 41 = 0. Calculate the highest common divisor of l and u.
9
Suppose -24*y = -21*y - 21. Let j be (-2)/((56/108)/y). Let w be (-36)/j*255/2. What is the highest common divisor of w and 17?
17
Suppose 0 = -21*j + 24*j + 735. Let n = -85 - j. What is the highest common factor of n and 60?
20
Let f(v) = 231*v + 64. Let j be f(-3). Let b = j + 638. Suppose -4*u + 9 = -3. What is the greatest common factor of b and u?
3
Suppose -219 = 5*j + 2151. Let c = -298 - j. What is the highest common divisor of c and 132?
44
Suppose -5*q - 15 = 30. Let g be q/((-90)/55)*12/33. What is the highest common divisor of g and 2?
2
Let u(k) = -31*k + 5. Let s be u(6). Let p = 192 + s. What is the greatest common divisor of 33 and p?
11
Let i(p) = 8*p + 37. Let a be i(-13). Let g = a + 61. Let h be 5/(-2)*(g + -7 - 1). Calculate the highest common factor of h and 140.
35
Let p = 73 + -48. Let c = p - 17. Let g = 102 + -46. Calculate the highest common factor of g and c.
8
Suppose 55*i + 174 = 49*i. Let d(k) = k**2 + 29*k + 35. Let v be d(i). What is the highest common factor of 15 and v?
5
Let a be (75/(-10) + 7)*0. Suppose 2*g - 334 - 1268 = a. Calculate the greatest common factor of 89 and g.
89
Suppose -7*h - 149856 = -9*h - 26*h. Calculate the greatest common factor of 24 and h.
24
Let h(w) = -27275*w - 4060. Let a be h(-2). What is the highest common factor of 10 and a?
10
Suppose -8*z - 7011 + 46595 = 0. Let a be 4/6 - (0 - z/12). Suppose -4*n = -415 - a. Calculate the highest common divisor of n and 9.
9
Let j(u) = 44*u + 977. Let f be j(-16). What is the greatest common divisor of 63 and f?
21
Suppose 38*p + 616 = 42*p. Suppose -12*l = -l - p. What is the greatest common factor of l and 56?
14
Let l = 39946 - 26551. Calculate the highest common divisor of 141 and l.
141
Let d = -102 + 84. Let a be (-1)/(-3) - 3*22/d. Suppose -a*b + 2*b = -60. What is the highest common factor of 120 and b?
30
Let p = -145 - -1241. Suppose 1102 - p = c. Calculate the highest common factor of 96 and c.
6
Let o be (-1590)/(-848) + 28548/32. Calculate the greatest common divisor of o and 5.
1
Suppose 5*r = -29 + 199. Suppose -r*t = -25*t - 72. Calculate the greatest common factor of t and 26.
2
Let t(d) = -12*d**2 + 1858*d - 33618. Let v be t(21). Let h(s) = 0 + s**3 + 2*s + 0 + 5*s**2. Let m be h(-3). Calculate the highest common factor of v and m.
12
Let q = -1927 - -2287. Calculate the highest common divisor of q and 16.
8
Let h be (-2)/3*54/72*-5714. Suppose 37*v - h = 2138. What is the greatest common factor of 15 and v?
15
Suppose 0 = -2*u - 5*u + 42. Let c be 0/2 - -27 - -1. Suppose c = 2*o + 10. What is the highest common divisor of u and o?
3
Let c = -32 - -16. Let t = 18 + c. Suppose -n + 42 = 5*a, -4*n + t*a + 156 = n. Calculate the greatest common factor of n and 4.
4
Let b be 10/8 + 0 - (-76 + 7930/104). Calculate the greatest common divisor of b and 518.
1
Let f(k) = -5*k - 152. Suppose 5*o + 189 = 2*x + 24, 5*x = 5*o + 180. Let g be f(o). Calculate the greatest common factor of 2 and g.
1
Suppose -639*o + 6409 = -308*o - 314*o. Calculate the highest common divisor of 169 and o.
13
Suppose 20*w - 28*w = -32. Suppose z = -w*b + 205, -52 = -b - 0*z - z. Let a(f) = 14*f + 9. Let o be a(3). What is the greatest common factor of o and b?
51
Let j = -20 - -34. Suppose 2*f - 644 = 4*g, 0 = 5*f - 5*g - 2229 + 619. Calculate the highest common factor of j and f.
14
Let g = -5010 - -5561. Calculate the highest common divisor of 171 and g.
19
Let h = -2333 - -2969. Calculate the highest common factor of 1431 and h.
159
Let r(i) = 2*i - 32. Let o be r(13). Let c(l) = l**2 + 4*l - 2. Let m be c(o). Let z = -43 + 73. Calculate the greatest common divisor of m and z.
10
Let i(c) = -18*c**2 - 362*c + 35. Let t be i(-17). What is the greatest common factor of t and 1269?
141
Suppose -141*l + 279274 - 3619 = 0. What is the highest common divisor of 255 and l?
85
Let j(a) = a**2 + a - 89. Let f be j(-10). What is the highest common divisor of f and 991?
1
Let o be 890/5*(1/(-2) - -6). Calculate the highest common factor of 267 and o.
89
Let m be 3036 - (-6)/(2 - 5). What is the greatest common factor of 222 and m?
74
Suppose 3*g = -4*v + 4395, -1465 = 5*g - 6*g - 4*v. Suppose 5*q - d - g = 4*d, 5*d + 25 = 0. What is the greatest common factor of 18 and q?
18
Let x(y) = 8*y**2 + 5*y - 10. Let t be x(-6). Suppose -4*v - t = -752. Suppose -30*q + 294 = -23*q. What is the greatest common divisor of v and q?
42
Suppose 95*z - 6984 = 71*z. Calculate the greatest common divisor of 1649 and z.
97
Let a be 16/200 - 455292/(-100). What is the greatest common divisor of 29 and a?
29
Let b be (-6 - 0)*(-6)/(-9)*-16. Let v = b + -150. Let u = -50 - v. Calculate the highest common divisor of 8 and u.
4
Let d be (-11 - (-9 - -3)) + (-2 - -7). Suppose 5*r - k - 196 = 40, d = 3*r + k - 140. Calculate the greatest common factor of r and 611.
47
Suppose 18*n - 6*n = 2406 - 246. What is the highest common factor of n and 270?
90
Let f(r) = -r**3 + 16*r**2 - 13*r. Let u be f(15). Suppose 3*q = -2*q - u. Let j(k) = -4*k + 3. Let b be j(q). Calculate the greatest common factor of 9 and b.
9
Suppose -1107*h + 651 = -1104*h. Suppose 0 = -h*n + 222*n - 510. Calculate the greatest common factor of n and 6.
6
Let r be 226*(1 - -1 - (-24)/(-64)*4). Calculate the highest common factor of r and 2486.
113
Suppose q - 3*t - 42 = 0, 6*q - t + 76 = 9*q. What is the greatest common divisor of 1323 and q?
27
Suppose 50 = 5*h - 5*u, -u = 2*h - 0 - 26. Let c = h - -140. Calculate the highest common divisor of c and 8.
8
Suppose -3*k = 5*g - 2533, -63*g = -58*g + 4*k - 2534. What is the highest common divisor of g and 46?
46
Let j(b) be the first derivative of b**2 - 9*b + 39. Suppose -2*r - 3*r = -60. Let k be j(r). Calculate the highest common factor of k and 6.
3
Let b be 1*15 + (2 - -1). Let c(k) = 5*k - 11. Suppose 20*z - 21 = 17*z. Let l be c(z). What is the greatest common factor of l and b?
6
Let m(j) = -j + 21. Let r be m(9). Let s be (-160)/(-6)*(12 + 312/(-65)). What is the greatest common divisor of r and s?
12
Let t(n) = -3*n**2 + 66*n - 30. Let o be t(15). Suppose 2*l = -u + o, -4*l - 4*u = l - 711. Calculate the highest common divisor of 65 and l.
13
Let m = 263 - 176. Suppose -7939 - 8135 = -38*a. Let j = -365 + a. What is the highest common factor of j and m?
29
Suppose -70*s - 7*s - 91*s + 2153424 = 0. Calculate the highest common divisor of s and 26.
26
Suppose 3*v + 2*v - 5 = 0. Let n = v - -6. Let s = 1345 + -1324. What is the highest common divisor of s and n?
7
Suppose 0 = 3*b - 3*y - 219, -4*b - 5*y + 227 = -38. Let p be (6 - 0) + 2 + 377. What is the greatest common divisor of b and p?
35
Let c = 246 - 243. Suppose -4*a + 2*h - 30 = -98, -c*h = -a + 7. What is the greatest common divisor of 266 and a?
19
Let r(v) = v**3 + 6*v**2 + 5*v + 10. Let h be r(-4). Suppose -46 = -12*a - h. What is the highest common factor of a and 3?
1
Let s(o) = -2*o**3 + 26*o**2 + 27*o + 34.